{"id":1195,"date":"2025-04-01T10:06:12","date_gmt":"2025-04-01T08:06:12","guid":{"rendered":"https:\/\/www.arelocation.com\/integrante\/fernando-garijo\/"},"modified":"2025-04-09T09:49:17","modified_gmt":"2025-04-09T07:49:17","slug":"fernando-garijo","status":"publish","type":"integrante","link":"https:\/\/www.arelocation.com\/de\/integrante\/fernando-garijo\/","title":{"rendered":"Fernando Garijo"},"content":{"rendered":"\n<p>Zwei Jahrzehnte lang habe ich Fachkr\u00e4ften und ihren Familien geholfen, nach Spanien umzuziehen. Ich habe 6 Jahre lang in der externen Relocation-Abteilung des Europ\u00e4ischen Amtes f\u00fcr geistiges Eigentum sowie f\u00fcr eine Reihe nationaler und multinationaler Unternehmen gearbeitet. <\/p>\n\n<p>Mein Ziel ist es, das Wohlbefinden von Menschen, die nach Spanien ziehen, zu f\u00f6rdern, indem ich den anf\u00e4nglichen Stress einer geografischen Ver\u00e4nderung so weit wie m\u00f6glich reduziere, damit er ihre berufliche Leistungsf\u00e4higkeit nicht beeintr\u00e4chtigt.<\/p>\n\n<p><\/p>\n","protected":false},"excerpt":{"rendered":"<p>Beitragender<\/p>\n","protected":false},"featured_media":1421,"template":"","meta":{"_acf_changed":false,"_seopress_robots_primary_cat":"","_seopress_titles_title":"","_seopress_titles_desc":"","_seopress_robots_index":""},"class_list":["post-1195","integrante","type-integrante","status-publish","has-post-thumbnail","hentry"],"acf":[],"_links":{"self":[{"href":"https:\/\/www.arelocation.com\/de\/wp-json\/wp\/v2\/integrante\/1195","targetHints":{"allow":["GET"]}}],"collection":[{"href":"https:\/\/www.arelocation.com\/de\/wp-json\/wp\/v2\/integrante"}],"about":[{"href":"https:\/\/www.arelocation.com\/de\/wp-json\/wp\/v2\/types\/integrante"}],"wp:featuredmedia":[{"embeddable":true,"href":"https:\/\/www.arelocation.com\/de\/wp-json\/wp\/v2\/media\/1421"}],"wp:attachment":[{"href":"https:\/\/www.arelocation.com\/de\/wp-json\/wp\/v2\/media?parent=1195"}],"curies":[{"name":"wp","href":"https:\/\/api.w.org\/{rel}","templated":true}]}}

<p>Zwei Jahrzehnte lang habe ich Fachkräften und ihren Familien geholfen, nach Spanien umzuziehen. Ich habe 6 Jahre lang in der externen Relocation-Abteilung des Europäischen Amtes für geistiges Eigentum sowie für eine Reihe nationaler und multinationaler Unternehmen gearbeitet. </p>

<p>Mein Ziel ist es, das Wohlbefinden von Menschen, die nach Spanien ziehen, zu fördern, indem ich den anfänglichen Stress einer geografischen Veränderung so weit wie möglich reduziere, damit er ihre berufliche Leistungsfähigkeit nicht beeinträchtigt.</p>

<p></p>
