{"id":1453,"date":"2025-09-25T15:18:20","date_gmt":"2025-09-25T13:18:20","guid":{"rendered":"https:\/\/www.arelocation.com\/integrante\/belen-garcia-valdecasas\/"},"modified":"2025-09-25T15:20:23","modified_gmt":"2025-09-25T13:20:23","slug":"belen-garcia-valdecasas","status":"publish","type":"integrante","link":"https:\/\/www.arelocation.com\/de\/integrante\/belen-garcia-valdecasas\/","title":{"rendered":"Bel\u00e9n Garc\u00eda-Valdecasas"},"content":{"rendered":"\n<p>Mit einem Abschluss in Wirtschaftswissenschaften von der Universit\u00e4t Barcelona und einem MBA von der IESE Business School verf\u00fcgt Bel\u00e9n \u00fcber mehr als 16 Jahre Erfahrung in einem f\u00fchrenden multinationalen Dienstleistungsunternehmen im Bereich Umsatz und Markenwert auf globaler Ebene, wo sie ihre Karriere in der strategischen und operativen Beratung entwickelte. Ihre berufliche Laufbahn verbindet rigorose Analysen, F\u00fchrungsqualit\u00e4ten und einen starken Fokus auf Ergebnisse. <br\/><br\/>Sie ist begeistert von Teamarbeit und zielorientiertem Management und glaubt fest daran, dass individuelles Wachstum das kollektive Wachstum f\u00f6rdert. Ihr Ziel ist es, jedem im Team das Gef\u00fchl zu geben, Teil einer gemeinsamen Mission zu sein, und so ein Umfeld zu schaffen, in dem alle zusammenwachsen.<br\/>Mit dem Ziel, das Leben der Menschen zu erleichtern, f\u00fchrt sie mit der Mission, den Einstieg in ein neues Berufsleben in Spanien zu einem einfachen, komfortablen und sicheren Prozess zu machen, sowohl f\u00fcr Fachleute als auch f\u00fcr ihre Familien. <br\/><br\/>Ihr Ziel ist es, das Wertversprechen von aRelocation zu st\u00e4rken, die Innovation unserer Dienstleistungen voranzutreiben und das Unternehmen als vertrauensw\u00fcrdigen Partner zu konsolidieren, der Unternehmen und Fachkr\u00e4ften, die nach agilen, menschlichen und effizienten L\u00f6sungen f\u00fcr ihre internationale Mobilit\u00e4t suchen, das Leben erleichtert.<\/p>\n","protected":false},"excerpt":{"rendered":"<p>Gesch\u00e4ftsf\u00fchrerin<\/p>\n","protected":false},"featured_media":1450,"template":"","meta":{"_acf_changed":false,"_seopress_robots_primary_cat":"","_seopress_titles_title":"","_seopress_titles_desc":"","_seopress_robots_index":""},"class_list":["post-1453","integrante","type-integrante","status-publish","has-post-thumbnail","hentry"],"acf":[],"_links":{"self":[{"href":"https:\/\/www.arelocation.com\/de\/wp-json\/wp\/v2\/integrante\/1453","targetHints":{"allow":["GET"]}}],"collection":[{"href":"https:\/\/www.arelocation.com\/de\/wp-json\/wp\/v2\/integrante"}],"about":[{"href":"https:\/\/www.arelocation.com\/de\/wp-json\/wp\/v2\/types\/integrante"}],"wp:featuredmedia":[{"embeddable":true,"href":"https:\/\/www.arelocation.com\/de\/wp-json\/wp\/v2\/media\/1450"}],"wp:attachment":[{"href":"https:\/\/www.arelocation.com\/de\/wp-json\/wp\/v2\/media?parent=1453"}],"curies":[{"name":"wp","href":"https:\/\/api.w.org\/{rel}","templated":true}]}}

Belén García-Valdecasas

<p>Mit einem Abschluss in Wirtschaftswissenschaften von der Universität Barcelona und einem MBA von der IESE Business School verfügt Belén über mehr als 16 Jahre Erfahrung in einem führenden multinationalen Dienstleistungsunternehmen im Bereich Umsatz und Markenwert auf globaler Ebene, wo sie ihre Karriere in der strategischen und operativen Beratung entwickelte. Ihre berufliche Laufbahn verbindet rigorose Analysen, Führungsqualitäten und einen starken Fokus auf Ergebnisse. <br/><br/>Sie ist begeistert von Teamarbeit und zielorientiertem Management und glaubt fest daran, dass individuelles Wachstum das kollektive Wachstum fördert. Ihr Ziel ist es, jedem im Team das Gefühl zu geben, Teil einer gemeinsamen Mission zu sein, und so ein Umfeld zu schaffen, in dem alle zusammenwachsen.<br/>Mit dem Ziel, das Leben der Menschen zu erleichtern, führt sie mit der Mission, den Einstieg in ein neues Berufsleben in Spanien zu einem einfachen, komfortablen und sicheren Prozess zu machen, sowohl für Fachleute als auch für ihre Familien. <br/><br/>Ihr Ziel ist es, das Wertversprechen von aRelocation zu stärken, die Innovation unserer Dienstleistungen voranzutreiben und das Unternehmen als vertrauenswürdigen Partner zu konsolidieren, der Unternehmen und Fachkräften, die nach agilen, menschlichen und effizienten Lösungen für ihre internationale Mobilität suchen, das Leben erleichtert.</p>

<p>Geschäftsführerin</p>
