{"id":1194,"date":"2025-04-01T10:06:54","date_gmt":"2025-04-01T08:06:54","guid":{"rendered":"https:\/\/www.arelocation.com\/integrante\/aleksandar-ivanov\/"},"modified":"2025-04-09T09:48:17","modified_gmt":"2025-04-09T07:48:17","slug":"aleksandar-ivanov","status":"publish","type":"integrante","link":"https:\/\/www.arelocation.com\/fr\/integrante\/aleksandar-ivanov\/","title":{"rendered":"Aleksandar Ivanov"},"content":{"rendered":"\n<p>Aleksandar Ivanov est une personne dynamique et joyeuse, tr\u00e8s organis\u00e9e et tr\u00e8s soucieuse de fournir des solutions efficaces. Sa capacit\u00e9 \u00e0 atteindre les objectifs dans les d\u00e9lais les plus courts et avec la meilleure qualit\u00e9 possible garantit que le processus de relocalisation est rapide, efficace, agr\u00e9able et simple pour tous ses clients. <\/p>\n\n<p>Aleks a rejoint aRelocation il y a 8 ans en tant que consultant en relocation. N\u00e9 \u00e0 Hanovre, en Allemagne, de parents bulgares et naturalis\u00e9 espagnol, Aleks a montr\u00e9 un vif int\u00e9r\u00eat pour les langues \u00e9trang\u00e8res et les diverses cultures d\u00e8s son plus jeune \u00e2ge. Il a voyag\u00e9 dans plus de dix pays, ce qui lui a permis de d\u00e9velopper une remarquable capacit\u00e9 \u00e0 interagir avec des personnes d&#8217;horizons diff\u00e9rents. Il parle couramment l&#8217;espagnol, l&#8217;anglais et le bulgare, et a une connaissance pratique du russe.   <\/p>\n\n<p>Aleks est dipl\u00f4m\u00e9 en \u00e9conomie de l&#8217;Universidad Aut\u00f3noma de Madrid (UAM) et s&#8217;engage pleinement \u00e0 fournir le service le plus professionnel pour une relocalisation r\u00e9ussie des travailleurs \u00e9trangers en Espagne. Gr\u00e2ce \u00e0 sa vaste exp\u00e9rience dans le secteur, il ma\u00eetrise parfaitement les lois de la proc\u00e9dure administrative et tout ce qui est n\u00e9cessaire dans les relations avec les administrations publiques du Royaume d&#8217;Espagne. Son principal objectif est d&#8217;avoir un impact significatif sur la vie des employ\u00e9s transf\u00e9r\u00e9s de nos clients, en faisant tout son possible pour les soutenir.  <\/p>\n","protected":false},"excerpt":{"rendered":"<p>Contributeur<\/p>\n","protected":false},"featured_media":1416,"template":"","meta":{"_acf_changed":false,"_seopress_robots_primary_cat":"","_seopress_titles_title":"","_seopress_titles_desc":"","_seopress_robots_index":""},"class_list":["post-1194","integrante","type-integrante","status-publish","has-post-thumbnail","hentry"],"acf":[],"_links":{"self":[{"href":"https:\/\/www.arelocation.com\/fr\/wp-json\/wp\/v2\/integrante\/1194","targetHints":{"allow":["GET"]}}],"collection":[{"href":"https:\/\/www.arelocation.com\/fr\/wp-json\/wp\/v2\/integrante"}],"about":[{"href":"https:\/\/www.arelocation.com\/fr\/wp-json\/wp\/v2\/types\/integrante"}],"wp:featuredmedia":[{"embeddable":true,"href":"https:\/\/www.arelocation.com\/fr\/wp-json\/wp\/v2\/media\/1416"}],"wp:attachment":[{"href":"https:\/\/www.arelocation.com\/fr\/wp-json\/wp\/v2\/media?parent=1194"}],"curies":[{"name":"wp","href":"https:\/\/api.w.org\/{rel}","templated":true}]}}

<p>Aleksandar Ivanov est une personne dynamique et joyeuse, très organisée et très soucieuse de fournir des solutions efficaces. Sa capacité à atteindre les objectifs dans les délais les plus courts et avec la meilleure qualité possible garantit que le processus de relocalisation est rapide, efficace, agréable et simple pour tous ses clients. </p>

<p>Aleks a rejoint aRelocation il y a 8 ans en tant que consultant en relocation. Né à Hanovre, en Allemagne, de parents bulgares et naturalisé espagnol, Aleks a montré un vif intérêt pour les langues étrangères et les diverses cultures dès son plus jeune âge. Il a voyagé dans plus de dix pays, ce qui lui a permis de développer une remarquable capacité à interagir avec des personnes d&#8217;horizons différents. Il parle couramment l&#8217;espagnol, l&#8217;anglais et le bulgare, et a une connaissance pratique du russe.   </p>

<p>Aleks est diplômé en économie de l&#8217;Universidad Autónoma de Madrid (UAM) et s&#8217;engage pleinement à fournir le service le plus professionnel pour une relocalisation réussie des travailleurs étrangers en Espagne. Grâce à sa vaste expérience dans le secteur, il maîtrise parfaitement les lois de la procédure administrative et tout ce qui est nécessaire dans les relations avec les administrations publiques du Royaume d&#8217;Espagne. Son principal objectif est d&#8217;avoir un impact significatif sur la vie des employés transférés de nos clients, en faisant tout son possible pour les soutenir.  </p>
