{"id":1452,"date":"2025-09-25T15:18:20","date_gmt":"2025-09-25T13:18:20","guid":{"rendered":"https:\/\/www.arelocation.com\/integrante\/belen-garcia-valdecasas\/"},"modified":"2025-09-25T15:20:20","modified_gmt":"2025-09-25T13:20:20","slug":"belen-garcia-valdecasas","status":"publish","type":"integrante","link":"https:\/\/www.arelocation.com\/fr\/integrante\/belen-garcia-valdecasas\/","title":{"rendered":"Bel\u00e9n Garc\u00eda-Valdecasas"},"content":{"rendered":"\n<p>Dipl\u00f4m\u00e9e en \u00e9conomie de l&#8217;universit\u00e9 de Barcelone et titulaire d&#8217;un MBA de l&#8217;\u00e9cole de commerce IESE, Bel\u00e9n a plus de 16 ans d&#8217;exp\u00e9rience dans une multinationale de services leader en termes de chiffre d&#8217;affaires et de valeur de la marque au niveau mondial, o\u00f9 elle a d\u00e9velopp\u00e9 sa carri\u00e8re dans le conseil strat\u00e9gique et op\u00e9rationnel. Sa carri\u00e8re professionnelle combine analyse rigoureuse, leadership et forte concentration sur les r\u00e9sultats. <br\/><br\/>Passionn\u00e9e par le travail d&#8217;\u00e9quipe et la gestion par objectifs, elle croit fermement que la croissance individuelle est le moteur de la croissance collective. Son objectif est de faire en sorte que chaque membre de l&#8217;\u00e9quipe se sente partie prenante d&#8217;une mission commune, en favorisant un environnement o\u00f9 chacun grandit ensemble.<br\/>Avec l&#8217;objectif de faciliter la vie des gens, elle dirige avec la mission de faire en sorte que l&#8217;\u00e9tablissement d&#8217;une nouvelle vie professionnelle en Espagne soit un processus simple, confortable et s\u00fbr, tant pour les professionnels que pour leurs familles. <br\/><br\/>Son engagement est de renforcer la proposition de valeur d&#8217;aRelocation, de stimuler l&#8217;innovation dans nos services et de consolider la soci\u00e9t\u00e9 en tant que partenaire de confiance qui facilite la vie des entreprises et des professionnels \u00e0 la recherche de solutions agiles, humaines et efficaces pour leur mobilit\u00e9 internationale.<\/p>\n","protected":false},"excerpt":{"rendered":"<p>Directeur g\u00e9n\u00e9ral<\/p>\n","protected":false},"featured_media":1449,"template":"","meta":{"_acf_changed":false,"_seopress_robots_primary_cat":"","_seopress_titles_title":"","_seopress_titles_desc":"","_seopress_robots_index":""},"class_list":["post-1452","integrante","type-integrante","status-publish","has-post-thumbnail","hentry"],"acf":[],"_links":{"self":[{"href":"https:\/\/www.arelocation.com\/fr\/wp-json\/wp\/v2\/integrante\/1452","targetHints":{"allow":["GET"]}}],"collection":[{"href":"https:\/\/www.arelocation.com\/fr\/wp-json\/wp\/v2\/integrante"}],"about":[{"href":"https:\/\/www.arelocation.com\/fr\/wp-json\/wp\/v2\/types\/integrante"}],"wp:featuredmedia":[{"embeddable":true,"href":"https:\/\/www.arelocation.com\/fr\/wp-json\/wp\/v2\/media\/1449"}],"wp:attachment":[{"href":"https:\/\/www.arelocation.com\/fr\/wp-json\/wp\/v2\/media?parent=1452"}],"curies":[{"name":"wp","href":"https:\/\/api.w.org\/{rel}","templated":true}]}}

Belén García-Valdecasas

<p>Diplômée en économie de l&#8217;université de Barcelone et titulaire d&#8217;un MBA de l&#8217;école de commerce IESE, Belén a plus de 16 ans d&#8217;expérience dans une multinationale de services leader en termes de chiffre d&#8217;affaires et de valeur de la marque au niveau mondial, où elle a développé sa carrière dans le conseil stratégique et opérationnel. Sa carrière professionnelle combine analyse rigoureuse, leadership et forte concentration sur les résultats. <br/><br/>Passionnée par le travail d&#8217;équipe et la gestion par objectifs, elle croit fermement que la croissance individuelle est le moteur de la croissance collective. Son objectif est de faire en sorte que chaque membre de l&#8217;équipe se sente partie prenante d&#8217;une mission commune, en favorisant un environnement où chacun grandit ensemble.<br/>Avec l&#8217;objectif de faciliter la vie des gens, elle dirige avec la mission de faire en sorte que l&#8217;établissement d&#8217;une nouvelle vie professionnelle en Espagne soit un processus simple, confortable et sûr, tant pour les professionnels que pour leurs familles. <br/><br/>Son engagement est de renforcer la proposition de valeur d&#8217;aRelocation, de stimuler l&#8217;innovation dans nos services et de consolider la société en tant que partenaire de confiance qui facilite la vie des entreprises et des professionnels à la recherche de solutions agiles, humaines et efficaces pour leur mobilité internationale.</p>

<p>Directeur général</p>
